True
Is 571998080 a multiple of 94?
False
Is 1460725714 a multiple of 369?
False
Is 207566840 a multiple of 5672?
True
Does 6 divide 699699079?
False
Is 12549932 a multiple of 304?
False
Is 248 a factor of 36300654?
False
Is 643 a factor of 31021286?
False
Does 1193 divide 4053814?
True
Is 15206789 a multiple of 79?
True
Does 6 divide 608075571?
False
Is 403290209 a multiple of 6329?
True
Is 14831657 a multiple of 242?
False
Does 7 divide 27362944?
True
Is 16 a factor of 38249084?
False
Is 31101378 a multiple of 2?
True
Does 320 divide 407293760?
True
Is 1385 a factor of 1822168792?
False
Is 245873116 a multiple of 20?
False
Is 694241924 a multiple of 5857?
True
Is 144474924 a multiple of 51?
False
Does 828 divide 320558117?
False
Is 19 a factor of 57118009?
True
Does 482 divide 40459080?
True
Is 16515512 even?
True
Is 54 a factor of 99498996?
True
Does 33 divide 237405135?
True
Is 897 a factor of 37661442?
True
Is 28 a factor of 525961968?
True
Is 20936591 a multiple of 199?
True
Does 38 divide 565627?
False
Is 14 a factor of 226497526?
False
Does 460 divide 42155779?
False
Is 2724177 a multiple of 238?
False
Is 6057 a factor of 1950499368?
True
Is 2264 a factor of 3583479576?
True
Is 114556906 a multiple of 1271?
False
Is 269731157 a multiple of 114?
False
Is 1110 a factor of 300518070?
True
Does 12 divide 652363956?
True
Is 143484670 a multiple of 3?
False
Is 599055641 a multiple of 2?
False
Is 42866623 a multiple of 851?
False
Is 22649263 a multiple of 1151?
False
Is 179047008 a multiple of 49?
False
Is 1027 a factor of 222471821?
True
Does 17 divide 2579949?
False
Is 10119 a factor of 3958694466?
True
Is 23393688 a multiple of 736?
False
Is 127464426 a multiple of 177?
True
Is 72 a factor of 4237207?
False
Does 135 divide 380460004?
False
Is 28348665 a multiple of 45?
False
Is 3443 a factor of 57960186?
False
Does 4 divide 4079142?
False
Is 789303014 a multiple of 12?
False
Does 7 divide 40769763?
False
Is 100 a factor of 84065000?
True
Does 122 divide 3944870?
True
Does 723 divide 244992936?
False
Does 197 divide 839479139?
False
Is 121 a factor of 28770412?
True
Is 492819600 a multiple of 4513?
True
Is 719435 a multiple of 386?
False
Is 479656537 a multiple of 313?
True
Is 995 a factor of 104571515?
True
Does 49 divide 852363869?
True
Is 719822841 a multiple of 30?
False
Is 3497959 a multiple of 22?
False
Is 966432 a multiple of 9?
False
Does 152 divide 2946216?
True
Is 1145148699 a multiple of 16?
False
Does 1457 divide 265570304?
True
Is 206 a factor of 43868112?
True
Does 7829 divide 1631226953?
True
Is 2 a factor of 284629387?
False
Is 1802 a factor of 72393899?
False
Is 2 a factor of 1099344?
True
Does 45 divide 5243085?
True
Is 2757 a factor of 27442022?
False
Is 2562 a factor of 579602080?
False
Is 5 a factor of 196012700?
True
Does 12 divide 38726184?
True
Is 7296240 a multiple of 7?
True
Is 956 a factor of 172075842?
False
Is 379600 a multiple of 292?
True
Is 3209 a factor of 1111204331?
False
Is 250151808 a multiple of 4?
True
Is 3 a factor of 1335528367?
False
Does 206 divide 43969566?
False
Is 339682270 a multiple of 170?
True
Is 2814132 a multiple of 6?
True
Is 3360316896 a multiple of 5472?
True
Is 31035140 a multiple of 5?
True
Does 68 divide 126485576?
True
Is 8569082 a multiple of 60?
False
Is 16553671 a multiple of 15?
False
Is 37 a factor of 5850013?
False
Is 11 a factor of 66977765?
False
Does 21 divide 290529540?
True
Is 29 a factor of 297719662?
False
Is 56358310 a multiple of 899?
True
Does 280 divide 30735880?
True
Does 20 divide 1464491020?
True
Is 1457392466 a multiple of 95?
False
Is 9 a factor of 42170087?
False
Is 140155678 a multiple of 487?
True
Does 518 divide 55393884?
True
Is 2643 a factor of 50309505?
True
Does 19 divide 318084472?
True
Is 202294655 a multiple of 4217?
False
Does 245 divide 44506867?
False
Is 1122264 a multiple of 104?
True
Is 2 a factor of 10968570?
True
Does 22 divide 65165454?
False
Is 46100779 a multiple of 2?
False
Does 168 divide 602139?
False
Is 17830896 a multiple of 636?
True
Is 485788168 a multiple of 85?
False
Is 84358780 a multiple of 22?
True
Is 87 a factor of 223191453?
True
Is 473 a factor of 141696616?
False
Does 1627 divide 277457191?
True
Does 660 divide 383768651?
False
Does 35 divide 463989118?
False
Is 1638420470 a multiple of 5743?
True
Is 5755984 a multiple of 4?
True
Is 953018976 a multiple of 1092?
True
Does 22 divide 11137938?
False
Does 4 divide 40501156?
True
Does 544 divide 17808384?
True
Does 8 divide 129250307?
False
Is 2 a factor of 13826299?
False
Is 402261576 a multiple of 568?
True
Does 143 divide 126045205?
True
Does 1188 divide 211313124?
True
Does 53 divide 142947370?
False
Is 184072064 a multiple of 64?
True
Does 11 divide 8673599?
True
Does 623 divide 150750355?
False
Is 52102775 a multiple of 12?
False
Is 5423997376 a multiple of 15?
False
Does 852 divide 63110196?
True
Is 412429942 a multiple of 4?
False
Does 1056 divide 102455211?
False
Is 175510856 a multiple of 20?
False
Is 102010638 a multiple of 320?
False
Does 79 divide 392467023?
True
Does 1208 divide 55006301?
False
Is 3354 a factor of 171171390?
True
Is 114998156 a multiple of 52?
True
Does 1457 divide 86574940?
True
Is 18673264 a multiple of 262?
True
Is 480 a factor of 2386058?
False
Is 8 a factor of 3989679656?
True
Is 13 a factor of 161581212?
True
Is 58749592 a multiple of 58?
True
Is 160373447 a multiple of 1371?
False
Does 366 divide 1697142?
True
Does 2558 divide 416602916?
False
Is 171 a factor of 6706829?
False
Is 36 a factor of 23657292?
True
Is 361357067 a multiple of 12?
False
Is 1003343458 a multiple of 62?
True
Does 473 divide 125996523?
False
Is 149718440 a multiple of 418?
False
Is 568 a factor of 70067912?
True
Is 437512955 a multiple of 10?
False
Is 20 a factor of 27896400?
True
Is 75357513 a multiple of 11?
True
Does 131 divide 190553124?
True
Is 417531402 a multiple of 54?
True
Is 7 a factor of 98647215?
False
Does 96 divide 1164174409?
False
Is 159933150 a multiple of 78?
True
Does 548 divide 40926940?
False
Is 2498 a factor of 56197506?
True
Does 64 divide 730686016?
True
Is 2225 a factor of 13652600?
True
Is 274 a factor of 16993206?
True
Does 67 divide 15652424?
False
Is 144032672 a multiple of 656?
True
Is 121048674 a multiple of 37?
False
Is 2074 a factor of 72422084?
False
Is 602 a factor of 534168937?
False
Does 94 divide 76434784?
True
Is 203 a factor of 8895866?
True
Is 267 a factor of 7164678?
True
Does 477 divide 80343018?
True
Is 153561257 a multiple of 52?
False
Is 11 a factor of 42676535?
True
Is 2556 a factor of 6602148?
True
Is 6860749000 a multiple of 25?
True
Does 79 divide 13283771?
True
Does 2760 divide 20476440?
True
Is 140738469 a multiple of 2188?
False
Does 10 divide 451917476?
False
Does 15 divide 1233665910?
True
Is 27 a factor of 725454630?
True
Is 83 a factor of 1217794655?
False
Is 456 a factor of 9234013?
False
Does 483 divide 80806138?
False
Is 9274775 a multiple of 7?
False
Is 187134155 a multiple of 11?
False
Is 119 a factor of 189109564?
True
Is 401584675 a multiple of 2277?
False
Does 11 divide 7140639?
True
Is 460699102 a multiple of 1153?
False
Does 874 divide 598883780?
False
Is 793100916 a multiple of 54?
True
Does 45 divide 2107053?
False
Is 11067895 a multiple of 112?
False
Does 15 divide 314798166?
False
Is 109624466 a multiple of 507?
False
Is 38491200 a multiple of 135?
True
Is 351 a factor of 114173013?
False
Does 56 divide 100362276?
False
Is 452449657 a multiple of 30?
False
Does 18 divide 301537908?
True
Is 358 a factor of 521112361?
False
Is 95 a factor of 34897145?
False
Is 292105563 a multiple of 23?
False
Does 13 divide 111306936?
True
Is 141917580 a multiple of 1467?
True
Is 345 a factor of 772414290?
True
Is 8 a factor of 553042246?
False
Is 515 a factor of 90660368?
False
Is 191 a factor of 14469136?
False
Is 8164051 a multiple of 29?
True
Is 1722 a factor of 13307618?
False
Does 325 divide 105773525?
True
Does 2376 divide 55572264?
True
Is 175692685 a multiple of 127?
False
Is 21 a factor of 19510764?
True
Is 904 a factor of 2487084868?
False
Is 3315409 a multiple of 1095?
False
Is 43514253 a multiple of 32?
False
Is 6 a factor of 55647542?
False
Is 512837327 a multiple of 745?
False
Does 5 divide 979236